-6
What is (5 - -1) + -63 + 59?
2
6 + -8 + (-1 - -12) - -4
13
Calculate 19 - (26 - 5) - 1.
-3
Evaluate 16 - (-30 + -19 + 14 + 19).
32
What is (5 - (-10 + 10)) + -7 - -1?
-1
(11 + (0 - 12) - 1) + -5
-7
Evaluate -46 - (38 - 65 - -20).
-39
Calculate -4 + 2 + (-7 - -9) - 2.
-2
What is 11 - 8 - -5 - -5 - -18?
31
Evaluate 3 + -13 - 3 - (9 + 0 - 10).
-12
(-17 - 6 - -17) + 3 + 0 + -9
-12
What is (-1 - (5 - 14)) + 2 + -31 - -4?
-17
Evaluate 1 + -6 - (35 - (53 + -24)).
-11
What is the value of (9 - (0 - 1) - 4) + -1 + 6?
11
Calculate 23 - (58 - (-18 - -43)).
-10
What is the value of (3 + 0 + -2 - -20) + -5?
16
What is the value of -58 - -59 - (11 - -4)?
-14
What is the value of 14 + (41 - 18) + -23?
14
What is the value of (0 - 0 - (16 - (-3 + 12))) + 7?
0
What is the value of 8 - (47 - 56 - (-12 + 0))?
5
Evaluate (-21 - -15) + 3 - (-2 + (7 - -1)).
-9
Calculate 0 + 21 + (-30 - (-15 + -8)).
14
Calculate 106 + -127 + (-2 - -1) + -1.
-23
What is (1 + 9 - 17 - -2) + 22?
17
Evaluate 50 - 42 - ((-8 - -4) + 21).
-9
What is (-40 - (-13 - -6)) + 6 - (-35 - -39)?
-31
What is the value of -15 - -3 - (34 - 34)?
-12
What is 5 + (-50 + 24 - (4 + -3 - 2))?
-20
Calculate 22 + -13 + -24 + (-3 - (4 - 10)).
-12
Evaluate 16 + 1 - (-7 - -6 - 5 - 0).
23
What is the value of (3 - 9) + -11 - -46?
29
Evaluate 1 + -22 + -2 - -19.
-4
What is 116 - 74 - (-21 + 28)?
35
What is the value of -8 + -8 + 4 + 4?
-8
-13 - -2 - (-16 + (5 - -2))
-2
Calculate -64 - -78 - ((-2 - (-10 - -2)) + 0).
8
(0 - (-5 + -10 - -45)) + 11
-19
-122 + 127 - (7 + (2 - 6))
2
Calculate 10 + 9 + 18 + -55.
-18
Evaluate 17 + (1 - -4 - (-10 + 10 + 8)).
14
What is (-54 - -52) + 9 + -34?
-27
What is the value of 3 + (8 - (27 - 8))?
-8
Calculate (0 - (5 + -5 + -4)) + 14.
18
What is the value of -20 - (-5 - (-13 - -14 - -2))?
-12
(-7 - (35 + -40 - (2 - -6))) + 9
15
(15 - (-5 - -13)) + (7 - (-1 + 4))
11
What is the value of -13 - (-23 + 5) - (-7 - -2)?
10
What is 13 + -59 + (49 - 19)?
-16
Evaluate 4 - (-8 - -10 - -4).
-2
What is the value of (22 - (-3 + 17)) + (1 - 2)?
7
16 - ((-3 - -38) + -12)
-7
What is the value of 45 + (-62 - -14) + (-2 - -1) + -12?
-16
Evaluate (0 - 15) + 32 + -3.
14
What is -25 - (2 + 6 - 29)?
-4
What is the value of -21 - 1 - (-118 + 99)?
-3
Evaluate -7 + 6 - -12 - -5 - (-42 + 30).
28
Calculate (-31 - -30) + (4 - (4 - 3)) - 11.
-9
43 - 32 - (3 - -20)
-12
Calculate 3 + 13 + 0 + (-8 - -4).
12
Evaluate 22 + -9 + (29 - 21).
21
Evaluate (-4 - 1 - 4 - -2) + -52 + 55.
-4
Calculate -6 - (-1 - (-5 + 6 + -3 - -2)).
-5
Evaluate -5 + (-4 - -12) + -12.
-9
What is the value of (29 - -1) + -3127 + 3094?
-3
Calculate 13 + -15 + 20 + -20.
-2
Evaluate (-3 - -3) + (21 - (-1 + 3) - -6).
25
What is the value of 2 - 0 - (5 + 15 + -5) - -1?
-12
Evaluate 4 + 0 + (81 - 81).
4
Calculate -8 - ((-70 + 24 - -15) + (-7 - -1)).
29
21 - (7 - (-15 + 24 + -5))
18
4 + -6 + -1 + -4 + 2 + 15
10
24 + -12 + -1 + (6 - 9)
8
What is the value of (17 - (16 - -17) - -5) + -2?
-13
-92 + 85 - (2 + (0 - 5))
-4
What is -2 - (11 + (-13 - -43)) - -18?
-25
11 + (17 - (16 + 10)) + -10
-8
Evaluate -1 + (-4 + -8 + (5 - 5) - 9).
-22
-1 - -11 - (7 - 6 - 2)
11
What is the value of 3 + 18 - (-131 + 158)?
-6
What is 2 + -2 + (-1 - -28) - (482 + -476)?
21
Evaluate 1 - (29 + 20 + -47).
-1
What is 20 - (23 + -32 - -10)?
19
-28 + (-16 - -52) - (13 + 3)
-8
What is the value of (6 - (-12 + 25 + 2)) + 8?
-1
-12 + -23 + 40 - -3
8
What is the value of -34 + 2 - (-8 - (-15 - -6))?
-33
Calculate (98 - 84) + 4 + -15.
3
Calculate (28 - 11) + -44 - -15.
-12
What is the value of 64 + -41 - 23 - (0 + -9 + 1)?
8
What is the value of 5 + (-69 - -47 - (1 - 12)) - -9?
3
What is the value of 3 + (-2 - (0 - 2)) + -378 + 386?
11
-9 - (31 + (-15 - 2))
-23
134 - 143 - (0 + 0 + 0 - 2)
-7
Evaluate (3 - -6) + -7 + 13 + -3.
12
Calculate (-6 - -11) + 0 - -15 - 7.
13
(0 - -3 - (-1 - 0)) + (1201 - 1197)
8
What is 2 - ((0 - 5) + 11) - -11?
7
Calculate -37 + 18 + 14 + -2.
-7
What is 5 + -38 + 35 + 3 + -9?
-4
What is (20 - (15 - -4)) + -16?
-15
What is the value of 316 + -363 - (-10 - 1)?
-36
Calculate (-2 - (-3 - 2)) + (-7 - -2) - -16.
14
What is the value of (-13 + 1 - 0) + 71 + -64?
-5
What is (-12 + 1 - -3) + (-10 - -11)?
-7
Evaluate -3 + -8 + (3 - (3 + -3)).
-8
Calculate (-28 + (-1 - -4) - -1) + (21 - 14).
-17
Evaluate 11 + -2 + 20 + -16 + (0 - 6).
7
2 + (8 - (0 + 3 - (-47 - -38)))
-2
What is the value of 10 + -5 + 12 - ((3 - 6) + 0)?
20
Evaluate (-17 + 22 + -1 - (13 - 2)) + -8.
-15
Evaluate (-2 - 1) + (2 - (-4 - 1)).
4
Evaluate 24 + 2 + (23 - 58).
-9
Evaluate -14 + ((-3 - -6) + 3 - 2).
-10
Evaluate -8 + (14 + 2 - -5).
13
Calculate (10 - (5 + -1) - (22 + -6)) + 0.
-10
What is the value of 3 + 13 + -3 + -4 + -2 + 11?
18
Evaluate (-10 - (-30 + 10)) + -3 + (-1 - -2).
8
What is the value of 13 - (5 - -15) - (-2 - -14)?
-19
Calculate (33 - 49) + 49 + -1 + -8.
24
-9 + -5 + 28 + -8 - (-1 - -1)
6
Evaluate (-13 - (2 - 7)) + (39 - (6 + 1)).
24
What is (-31 - (-19 + -5)) + 18?
11
What is the value of (-12 - (8 + -20)) + -25?
-25
(3 + -1 - (101 - 115)) + 0
16
Evaluate -19 - ((-3 - 37) + -10).
31
What is the value of 0 + (-15 - -7) + -10?
-18
What is (-11 - 5) + (0 - -5) + 17 + -27?
-21
What is the value of 7 - (-1 + -6 - (18 - 20)) - 4?
8
Evaluate -10 + 1 + 2 - (29 + -44).
8
41 + -28 + (4 - (-2 + -4 - -2))
21
What is the value of (12 - (-8 - -10)) + -21?
-11
What is the value of -1 + 14 + -6 - ((2 - -1) + -3)?
7
Evaluate -7 + (-10 - (-25 - (7 - 24 - -7))).
-2
What is 134 + -112 - (9 + -1 + 4)?
10
28 + (5 - 21) + -35
-23
What is the value of (-4 - -18) + 3 + (-5 - 1)?
11
Calculate 1 + -8 + (21 - -7).
21
What is the value of -764 + 742 + (-6 - 0)?
-28
What is -19 + 31 + -13 - (-9 + -2)?
10
Evaluate 0 + -11 - (1 + -6 + -109 + 107).
-4
2 + -7 + 2 + -135 + 136 + 18
16
What is -7 + 3 + -4 + 10 + 17?
19
Calculate 17 + -42 + 10 - (2 - 2 - 8).
-7
What is the value of 7 + (4 - -3 - (-1 - -17))?
-2
What is 37 - (-47 - (-26 + -45))?
13
What is -3 + -10 + (12 - (0 - -7))?
-8
Calculate -7 - (14 + -14 - (-6 - -2)).
-11
Evaluate 64 + -160 - -116 - (50 + 1).
-31
Calculate 16 + (4 - 17) - -10.
13
What is the value of (3 - (-15 - -10)) + 3?
11
-4 + 7 + (-5 - -10) + 3
11
Evaluate 1 + (-1 + 1 - (-114 + 115)).
0
(-1 - -8 - -2) + 69 + -74
4
What is the value of 2 + (8 - 0) + -5 + -3?
2
Calculate -50 - -47 - (-4 - (-2 + 14)).
13
What is -2 + 4 - (4 - (9 - 15))?
-8
Calculate -24 + (17 - 3) - -3.
-7
What is the value of (0 - 4) + (19 - 5 - (20 - 8))?
-2
Evaluate (-10 - 13) + 12 + 31.
20
What is the value of -10 - (-13 + 21 + (2 - 12 - -2))?
-10
Calculate 15 - 12 - 3 - -5 - 21.
-16
Evaluate (-6 - (-2 + 1 + 3)) + -3.
-11
What is -2 - 0 - (-10 + (-15 - -8) - 1)?
16
3 - (3 + (23 - 13))
-10
Calculate -8 - -24 - 13 - (2 + -2 + -1).
4
Calculate (-9 - 70) + 46 - -48.
15
(1 - 18) + (2 - (-9 + 2)) + 20
12
Evaluate 11 - -10 - 11 - 24.
-14
Evaluate 6 + 4 + -8 + -20 + 8.
-10
What is the value of (15 - 5) + (4 - 4) + (1 - 3)?
8
What is the value of -10 + (11 - 21) + 2 + 11?
-7
Calculate 31 - 42 - (-15 - 1).
5
3 + (-8 - 0) - (-1 - (-20 - -9))
-15
What is 10 - (6 + (-2 - -6) + -8)?
8
Evaluate (-35 - -46) + -3 + 1 - (-11 + 3).
17
What is the value of -1 - ((-18 + 12 - 27) + 8)?
24
-14 - (7 + -9 + -20 + 18)
-10
Calculate -20 + 8 + 25 - 15.
-2
What is the value of 4 - (21 + 2) - -20?
1
Calculate -6 + -2 + (3 - -1) + -12.
-16
-2 + -6 + 6 + -27 + 34
5
What is 11 + -3 - ((-6 - -5) + 4)?
5
Calculate 10 - (4 - -11) - (-2 - -4 - -2).
-9
What is the value of (22 - 19 - 32) + 29?
0
Calculate 1 - -1 - (-16 + 5).
13
What is the value of ((-5 - -18) + -3 - (-8 - -14)) + 1?
5
Evaluate 14 - (-1 - ((7 - 11) + 8)) - 7.
12
Evaluate 14 + -5 + 3 + -6.
6
-7 - ((-4 - -11) + -8) - (1 - 3)
-4
Calculate 8 - (24 + (-15 - (-9 + 2))).
-8
6 + -3 + 0 + 25 - (-23 + 28)
23
What is 55 + -28 + (-5 - 5)?
17
What is the value of -4 + (-19 - (4 + -2) - -5) + 6?
-14
What is -18 + (-8 + -4 - (2 - -4))?
-36
What is 8 + -1 + -4 + (-4 - -9)?
8
Evaluate (-7 - (1 + 6 + -5)) + 30.
21
What is -2 - -6 - (1 + 5 + -1)?
-1
Calculate (6 + 6 - 4 - 5) + 0.
3
What is 16 - ((-6 - -6) + 16) - -7?
7
What is the value of 2 + 26 + -12 + 21 + -25?
12
(13 - (19 + -10)) + (1 - -2)
7
Evaluate (-4 - 2 - 1 - -5) + -2.
-4
Calculate 2 + -7 + -66 + 16 + 34.
-21
Calculate -169 + 151 - (-3 + (-1 - -3